28780 a multiple of 2888?
False
Does 466 divide 5228321499?
False
Is 5 a factor of 1682945867?
False
Is 293 a factor of 1270492814?
False
Is 55 a factor of 7051795?
False
Is 4 a factor of 22217021?
False
Does 13 divide 2517838570?
True
Does 1248 divide 157646112?
True
Is 73318555 a multiple of 5?
True
Is 22663549 a multiple of 36?
False
Is 1107 a factor of 10489194?
False
Does 264 divide 8294880?
True
Is 176027460 a multiple of 2130?
True
Is 1932 a factor of 520527168?
True
Is 1042 a factor of 689122?
False
Is 29848337 a multiple of 29?
True
Is 70599633 a multiple of 3783?
False
Is 34 a factor of 359980110?
False
Does 7851 divide 619122009?
True
Is 101270015 a multiple of 385?
True
Is 302789740 a multiple of 6299?
False
Is 460 a factor of 146917588?
False
Is 635 a factor of 543976560?
True
Does 275 divide 23134100?
True
Is 13 a factor of 14020686?
False
Is 1913702840 a multiple of 49?
True
Is 181046273 a multiple of 367?
False
Is 852 a factor of 4819316700?
True
Does 184 divide 76490466?
False
Is 78 a factor of 33996768?
True
Is 443698312 a multiple of 4024?
True
Is 585 a factor of 2416050?
True
Is 12 a factor of 380696496?
True
Does 1166 divide 256835986?
True
Is 23638858 a multiple of 272?
False
Does 18 divide 34872767?
False
Is 46 a factor of 86118302?
True
Is 56 a factor of 97997592?
True
Is 6308377 a multiple of 7?
False
Is 54388978 a multiple of 58?
True
Is 4143 a factor of 694138935?
True
Is 631362984 a multiple of 219?
True
Does 3190 divide 4795683310?
True
Does 9582 divide 31740698?
False
Is 75 a factor of 1941213600?
True
Is 5067779840 a multiple of 640?
True
Is 28 a factor of 659170064?
True
Is 234890944 a multiple of 16?
True
Is 780723446 a multiple of 22?
False
Does 30 divide 6114508?
False
Does 93 divide 134275097?
False
Is 183 a factor of 14191091?
False
Does 2 divide 27222957?
False
Is 19 a factor of 3191126?
True
Is 124 a factor of 2201015038?
False
Is 6312915 a multiple of 8?
False
Is 3625 a factor of 1736807734?
False
Is 3380 a factor of 600094642?
False
Is 953815935 a multiple of 516?
False
Is 12 a factor of 222528?
True
Is 42 a factor of 449808752?
False
Does 80 divide 299498994?
False
Is 6 a factor of 3417799?
False
Is 265282516 a multiple of 18?
False
Does 644 divide 34405700?
True
Is 25 a factor of 1329329?
False
Does 5662 divide 6446412454?
False
Does 187 divide 1399833888?
False
Is 247 a factor of 73176999?
False
Is 37 a factor of 67426136?
True
Does 61 divide 5150248?
False
Does 20 divide 300200?
True
Does 7 divide 25879651?
True
Is 475 a factor of 1357881550?
True
Is 61340776 a multiple of 483?
False
Is 234631651 a multiple of 554?
False
Is 2218 a factor of 416193809?
False
Does 275 divide 34517667?
False
Is 229513693 a multiple of 56?
False
Does 1015 divide 171156526?
False
Is 187 a factor of 25069594?
True
Does 1127 divide 105274592?
False
Is 7582820 a multiple of 7?
True
Does 13 divide 14017541?
False
Is 191357760 a multiple of 24?
True
Does 2104 divide 1434994578?
False
Is 1022 a factor of 58852582?
False
Does 584 divide 54149651?
False
Does 54 divide 242804412?
True
Is 22452612 a multiple of 116?
True
Is 119 a factor of 165934406?
False
Is 554077696 a multiple of 2432?
True
Is 1106750919 a multiple of 1472?
False
Is 11371738 a multiple of 24?
False
Does 15 divide 2450120655?
True
Does 15 divide 131444400?
True
Is 75677648 a multiple of 15?
False
Is 128 a factor of 366758656?
True
Does 4765 divide 1038650875?
True
Is 12180735 a multiple of 164?
False
Is 5 a factor of 209955921?
False
Is 5581239 a multiple of 213?
True
Does 1424 divide 320871913?
False
Does 15224 divide 373318800?
False
Is 196 a factor of 883176?
True
Is 751239819 a multiple of 9?
True
Is 2477904 a multiple of 52?
True
Does 600 divide 373940400?
True
Is 87 a factor of 26963516?
False
Is 111875564 a multiple of 59?
True
Does 169 divide 859557?
False
Is 49 a factor of 431055375?
False
Is 2 a factor of 22354402?
True
Does 513 divide 249263591?
False
Does 384 divide 339220581?
False
Is 15 a factor of 17874935?
False
Does 6 divide 749791122?
True
Does 2059 divide 9149979?
False
Is 447 a factor of 1768628002?
False
Is 7 a factor of 31524849?
False
Is 857 a factor of 1129824000?
False
Is 44827442 a multiple of 11?
True
Is 465 a factor of 216478890?
True
Is 302320928 a multiple of 3094?
True
Does 173 divide 1740688330?
False
Is 49406776 a multiple of 47?
True
Is 858120816 a multiple of 13776?
True
Is 19 a factor of 407767252?
False
Does 5 divide 420071330?
True
Is 34 a factor of 123275574?
False
Is 2988208716 a multiple of 1181?
True
Does 1709 divide 470034815?
True
Is 157281492 a multiple of 842?
False
Is 11 a factor of 100896158?
True
Does 5313 divide 1148162220?
False
Does 281 divide 172784090?
True
Does 15 divide 14766450?
True
Is 2122 a factor of 282818691?
False
Does 26 divide 6521182?
False
Does 51 divide 125842741?
False
Is 6967401 a multiple of 4?
False
Is 59 a factor of 2165303?
False
Is 6271142 a multiple of 145?
False
Does 96 divide 987551156?
False
Is 179270267 a multiple of 81?
False
Does 284 divide 50352182?
False
Does 20 divide 178492540?
True
Is 221 a factor of 55288454?
True
Does 288 divide 68397408?
True
Is 3297975367 a multiple of 190?
False
Does 542 divide 679126?
True
Is 185963728 a multiple of 13?
False
Is 25 a factor of 44467144?
False
Does 36 divide 69234336?
True
Is 359656423 a multiple of 49?
True
Does 30 divide 20894730?
True
Is 217819877 a multiple of 307?
True
Is 10502130 a multiple of 19?
False
Does 50 divide 188909118?
False
Is 60 a factor of 18436440?
True
Is 65863714 a multiple of 12?
False
Does 79 divide 26518324?
False
Is 13472964 a multiple of 12?
True
Is 14006752 a multiple of 62?
False
Is 12 a factor of 240259692?
True
Is 21022948 a multiple of 192?
False
Is 502813026 a multiple of 2?
True
Is 96 a factor of 74563104?
True
Does 862 divide 707528738?
True
Is 304080990 a multiple of 30?
True
Is 9 a factor of 359643618?
True
Does 247 divide 74275408?
False
Is 114193862 a multiple of 134?
True
Is 15581090 a multiple of 5?
True
Is 94399840 a multiple of 1910?
True
Is 3 a factor of 2635087?
False
Is 75978592 a multiple of 8?
True
Is 4 a factor of 74384732?
True
Does 108 divide 4930632?
True
Is 38 a factor of 59506473?
False
Does 2311 divide 344193227?
False
Is 36516170 a multiple of 10?
True
Does 58 divide 169219873?
False
Does 324 divide 387393516?
True
Is 1355756040 a multiple of 20?
True
Is 52217118 a multiple of 30?
False
Is 73 a factor of 8794383?
True
Is 329 a factor of 208850845?
True
Does 320 divide 1029247093?
False
Is 596662345 a multiple of 71?
True
Is 156877252 a multiple of 14?
True
Is 79 a factor of 14842678?
True
Is 34 a factor of 333064059?
False
Is 6501384 a multiple of 1143?
True
Is 3526450060 a multiple of 1652?
True
Is 14 a factor of 1561842788?
False
Is 14742770 a multiple of 546?
False
Is 101347730 a multiple of 10?
True
Does 1184 divide 32121920?
True
Is 12468638 a multiple of 3?
False
Is 332 a factor of 106879764?
True
Is 1316 a factor of 914016582?
False
Is 13 a factor of 82095182?
True
Is 17773204 a multiple of 3?
False
Is 17 a factor of 31518170?
True
Does 11 divide 35187718?
False
Is 79 a factor of 1236790593?
False
Does 34 divide 94911555?
False
Is 192865748 a multiple of 61?
False
Is 3626881320 a multiple of 7004?
True
Is 52 a factor of 1594809256?
False
Does 2 divide 50242215?
False
Is 46 a factor of 4992538?
False
Does 156 divide 102683101?
False
Does 1236 divide 79279512?
True
Is 140184561 a multiple of 2185?
False
Is 56694004 a multiple of 963?
False
Is 46 a factor of 135049379?
False
Is 91 a factor of 2174875248?
True
Does 7 divide 24963540?
True
Does 25 divide 188057659?
False
Does 3696 divide 179431017?
False
Is 176565792 a multiple of 676?
True
Does 9 divide 5024380?
False
Is 16 a factor of 63222272?
True
Is 5117 a factor of 261071148?
False
Is 752276385 a multiple of 35?
True
Is 141 a factor of 912428255?
False
Is 91 a factor of 8969897?
False
Does 311 divide 3069073389?
False
Does 881 divide 24709971?
False
Is 1185 a factor of 18324624?
False
Does 20 divide 55431740?
True
Is 217361445 a multiple of 15?
True
Does 170 divide 2955006082?
False
Does 199 divide 1021301754?
False
Is 469439142 a multiple of 154?
False
Is 12 a factor of 92713142?
False
Is 357398229 a multiple of 199?
Tr